 6 - 3*k. Calculate s(a).
-6
Let c(p) = 46*p - 54 + 70*p - 122*p. Calculate c(-10).
6
Let h(x) be the second derivative of x**4/4 + 11*x**3/6 - 6*x**2 + 1226*x - 3. Calculate h(-6).
30
Suppose 464*a - 468*a = -4. Let t(q) = -4 + q**2 + 5 + 5 - a + q. Give t(0).
5
Suppose 0 = -2*r + 36 + 86. Let x = r - 64. Let b be 2 + (-3)/(x + 6). Let h(w) = -6*w**2 - 1. Give h(b).
-7
Let s(n) = 4220*n + 4228*n - 8450*n - 24. Let m = 9 + -22. Give s(m).
2
Suppose 0 = 3*r + 2*a - 19, 3*a - 4*a + 34 = 5*r. Suppose -r*k = -5*k - 30. Let q(p) = 14*p - k*p + 3 - 6. What is q(0)?
-3
Let y(c) = c - 7. Suppose -3*h - 431 = -5*r - 134, -4*r - 3*h = -243. Let a be (-16 + 8)*-1 - -8. Suppose r = -q + a*q. What is y(q)?
-3
Let r(l) = 2*l**2 + 158*l - 89. Let b(m) = -m**2 - 95*m + 45. Let p(a) = -5*b(a) - 3*r(a). Determine p(10).
-48
Let i(t) = -95*t + 147 - t**3 + 192*t - 154 - 5*t**2 - 100*t. Calculate i(-6).
47
Let r = -613 - -614. Suppose -2*a = a - 15. Let c(d) = -1 - 2*d + d + a*d. What is c(r)?
3
Let j(t) = 127*t**2 + 4*t**3 - 131*t**2 - 9 - t**2 - 3*t**3. Calculate j(5).
-9
Let m(j) = 31*j**3 - 14*j**2 - 7*j + 19. Let r(d) = 37*d**3 - 15*d**2 - 8*d + 22. Let i(u) = -6*m(u) + 5*r(u). Let z be (-2)/(-4) + 17/2. Give i(z).
14
Let a be (21/6 - 2)*22/1. Let z = a + -9. Let w be z/(-5) + 11/(-55). Let b(c) = -c**3 - 4*c**2 + 4*c - 1. What is b(w)?
4
Let f(d) = -2*d**3 - 99*d**2 + 157*d + 202. Let q be f(-51). Let z(x) = x**2 + 20*x + 38. Calculate z(q).
2
Let r(y) be the second derivative of 4/3*y**3 - y**2 + 25*y - 1/12*y**4 - 2. What is r(6)?
10
Let s(b) be the first derivative of b**3/3 + 3*b**2 + 3*b + 1769. Let v be 0 + -1 + 6 - -1. Suppose -3*h + 5 = 5*a, -5 = -h - 4*a + v. Determine s(h).
-2
Let x be (-6)/(-11) - (-560)/385. Let o(s) = 2*s + 7 + 7*s**x - s**3 - 3*s + 3*s + 0*s. Determine o(7).
21
Let h(l) be the third derivative of l**6/120 + 3*l**5/20 + 2*l**3/3 - 5*l**2 - 540*l. Calculate h(-9).
4
Let v(k) = 3*k**2 + 5*k - 2. Let r be v(-10). Let y = -254 + r. Let q(o) = o**3 + 7*o**2 + 9*o. Calculate q(y).
-18
Let c(h) be the second derivative of h**4/24 + 2*h**3/3 - 205*h**2/2 - 140*h. Let x(t) be the first derivative of c(t). Calculate x(-4).
0
Let s = -32524 + 32520. Let z(f) be the first derivative of f**5/40 - f**3/3 + 1. Let w(b) be the third derivative of z(b). What is w(s)?
-12
Let k(x) = -x**3 + 15*x**2 + 18*x - 29. Suppose 6*v - 62 = 34. Let h be k(v). Let m(t) = -3 + 2*t + 3*t**2 + t**h + 2*t - 7*t. Give m(-3).
6
Let z(v) = -v**3 + 14*v**2 + 26*v - 42. Let j(b) = 2*b**2 - b + 1. Let c(p) = 3*j(p) + z(p). Determine c(21).
3
Let n(c) = 11 - 2 - 6 + c - c**3 + 5*c - 5*c**2 + 2. Calculate n(-6).
5
Let l(b) be the first derivative of -b**3/3 - 5*b**2/2 + 6*b - 1. Suppose 4*d - 3*u = -35, -48 = 2*u - 58. Determine l(d).
6
Let y be 18/45 - (-26)/10. Suppose -11*s + 10*s + y = 0. Suppose -8 = -k - 2*w, 2*k - 11 = -2*w + s*w. Let v(n) = -n**3 + 5*n**2 + 7*n - 2. Calculate v(k).
4
Let s be (2 - 0) + 0 - 60/10. Let c(r) be the first derivative of -3*r**2/2 - 3*r + 5. Let u(o) = -3*o - 3. Let n(l) = -5*c(l) + 6*u(l). Calculate n(s).
9
Suppose -270*f + 56 = -277*f. Let s(c) = -4*c + 1. Let j(v) be the third derivative of v**4/8 + 4*v**2. Let i(l) = -3*j(l) - 2*s(l). Calculate i(f).
6
Let y(z) be the first derivative of -1/4*z**4 + 0*z - 2/3*z**3 - 66 + 3/2*z**2. Calculate y(-4).
20
Let t(w) = -w**2 - 5. Let d(f) = -2*f**3 - 5*f**2 + f + 6. Suppose 4*b + 3*o + 10 = 4*o, 0 = -5*b - o - 8. Let c be d(b). Determine t(c).
-5
Let c(p) = p**3 + 3*p**2 - 21*p - 24. Let v be 27/(-4) - 6*(-3)/24. Let y be c(v). Let z(h) = -h**3 - 4*h**2 + 10*h + 9. Give z(y).
21
Let a(c) be the third derivative of -c**4/12 + c**3/3 + 1408*c**2 + 29. Let x = 15 + -23. Let m = x + 6. Give a(m).
6
Let p(f) = 2*f**2 + 3*f - 1. Let d(i) = -i**2 - 17*i - 8. Let o be d(-16). Suppose o*j - 66 = 78. Let c = j - 21. What is p(c)?
8
Let u(g) = g**2 + 85 + 64 - 151 - g**3. Let o be ((7 - 7)/7)/(2*-1). Give u(o).
-2
Let b(t) = -t - 44. Let w(s) = -7*s**3 - 260*s**2 - 34*s + 111. Let u be w(-37). Determine b(u).
-44
Suppose 10*c - 16 = -36. Let t be 22/3 - 2*c/(-12). Let f(o) = -o**2 + 6*o + 6. Calculate f(t).
-1
Let p(r) be the third derivative of r**5/60 - r**3/3 - r**2. Let t(c) = 7*c + 71. Let d be t(26). Let n be d/(-138) + (-1)/6. What is p(n)?
2
Let c(r) = 2*r - 3. Suppose -2 = -8*w - 24 - 10. Determine c(w).
-11
Suppose -10*v = -5*v + 10, 0 = 4*u - 2*v - 40. Suppose 0 = -k + 4*z - 19, -3 = 2*z - u. Let p(f) = -2*f**2 - 13*f + 7. Determine p(k).
0
Let z(t) = -2*t**2 + 4*t. Suppose 4*y - 18 = -3*d, d + d = -3*y + 12. Let v be 9*((-2)/d)/(-1). Give z(v).
-6
Suppose -3*t + 18 = 5*u, -3*u - 2*t + 22 = -3*t. Let j(n) be the first derivative of 3*n**2/2 - 3*n + 115. Determine j(u).
15
Let r(i) = 3*i**3 + 13*i**2 - 13*i - 41. Let q(g) = -2*g**3 - 14*g**2 + 13*g + 43. Let j(k) = -4*q(k) - 3*r(k). Determine j(16).
-1
Let z(s) = -2*s**2 + 23*s + 10. Let n = 279 + -267. What is z(n)?
-2
Let f = 40 + -51. Let c(l) = 3*l + 43. Let v be c(f). Let r be 2 + 1 - (-7 + v). Let k(z) = -z**2 - 1. Calculate k(r).
-1
Let z(k) = -k**3 - 6*k**2 - 31. Suppose -7*c + 16 - 65 = 0. Calculate z(c).
18
Let n(r) = r**3 - 5*r**2 - 6*r - 4. Let w be 3/((-63)/6) - 1208/(-14). Let z be 1/(-22)*-4 - w/(-11). Suppose -z*y + 2*y + 36 = 0. What is n(y)?
-4
Let t(s) = 17*s + 560 - 542 - 208*s**2 - s**3 + 216*s**2. Give t(10).
-12
Let a be (-8 + -1)*61/(-183). Let k(i) = 4 - 4*i + 3*i - 8*i - 1. Determine k(a).
-24
Let y(q) = -4*q - 6. Let o(u) be the second derivative of -u**5/10 + u**4/12 - u**3/2 - u**2/2 + 42*u. Let f be o(-1). Calculate y(f).
-26
Let z be 5/(-5)*(0 - 3). Suppose n + 10 = 4*x + z, 3*x + 4*n - 10 = 0. Let k(l) = 4*l**2 - 3*l. Determine k(x).
10
Let v(r) = r - 13. Let j(k) = -13*k**3 - 8*k**2 + 17*k + 8. Let f(b) = 3*b**3 + 2*b**2 - 4*b - 2. Let x(o) = 9*f(o) + 2*j(o). Let g be x(2). Determine v(g).
-3
Let p(f) be the third derivative of -5*f**4/24 - 14*f**3/3 - 1928*f**2. Calculate p(-4).
-8
Let c(l) = 23*l**3 - 24*l**3 + 1 - 3. Let t(a) = -6*a**3 + 6*a**2 + a - 12. Let y(z) = -5*c(z) + t(z). Calculate y(5).
28
Let z(y) be the third derivative of -y**6/60 + y**5/60 - y**4/24 - y**3/6 - 1237*y**2. Give z(-2).
21
Let s(t) be the second derivative of -t**4/24 + 2*t**3/3 + 129*t**2/2 + 215*t. Let g(n) be the first derivative of s(n). What is g(4)?
0
Suppose -k + 9 = 2*k. Suppose 8*i - 22 = 30*i. Let t(o) = 4*o**2 - 11*o - 3. Let m(d) = -d**2 + 2*d. Let y(h) = i*t(h) - 5*m(h). Determine y(k).
15
Let c(n) = -6*n + 6. Let r = 1580 - 1582. Determine c(r).
18
Let w = -695 + 425. Let q = w - -265. Let z(s) = -s**3 - 5*s**2 - 2*s - 3. Determine z(q).
7
Let p(f) be the first derivative of f**4/2 + f**3 + 1. Let h(b) = -2*b**3 + 14*b**2 - 2*b - 1. Let r be h(8). Let v be 52/(-24) + 5 + r/30. What is p(v)?
-4
Let s(z) = z + 21. Let q be s(-9). Let r be (2 - 2)*(q - 11). Let n(l) be the second derivative of -l**4/12 - 5*l**2/2 + 2*l. What is n(r)?
-5
Let l(i) = i - 1. Let f be 11/2 + (-2)/4. Let g(o) = 6*o + 1. Let r(q) = -q**3 - 27*q**2 - 13*q - 352. Let x be r(-27). Let v(n) = f*l(n) + x*g(n). Give v(5).
-11
Let d(v) = -968*v + 8730. Let u be d(9). Let s(i) = -4*i + 33. Calculate s(u).
-39
Let x(t) = t**3 + 18*t**2 + 2*t + 12. Let d(l) = -3*l + 279. Let p be d(99). Determine x(p).
-24
Let n(s) = -s**3 - 11*s**2 - 9*s. Let c(q) = 553*q + 7732. Let w be c(-14). Calculate n(w).
-10
Let i(b) = 7*b**2 + 15*b + 27. Let k(l) = -15*l**2 - 33*l - 60. Let y(m) = -9*i(m) - 4*k(m). Let n(c) = -c**3 + 6*c**2 - 7*c + 7. Let j be n(5). Give y(j).
-21
Let n(o) = 5*o**3 + o**2 - 1. Let p be (-16)/28 + (-150)/105. Let g = -23 + 28. Let u be (p/8)/(g/20). Give n(u).
-5
Let r(p) = 2*p**2 - 8*p - 3. Let y(x) = x**2 - 3*x - 101. Let h be y(12). Calculate r(h).
39
Let d(k) be the second derivative of -k**5/20 + k**4/2 + 4*k**3/3 - 4*k**2 - 20*k. Suppose -4*m - 2*j + 24 = 0, -3*j + 29 = 5*m - 0. What is d(m)?
-1
Let a(g) = -g**3 - 2*g**2 - 3*g - 3. Let n(c) = -7*c**2 - 204 + 210 - 3*c + 6*c - 4*c**3 + 3*c**3. Let o be n(-8). Let q = o + -48. What is a(q)?
3
Suppose -6*i = -13*i - 14. Let v(g) be the second derivative of -2*g**3/3 + g**2 + 220*g. What is v(i)?
10
Let z(j) = 9*j**3 + 11*j**2 + j - 7. Let n(t) = 11*t**3 + 12*t**2 + 2*t - 7. Let g(l)